. List the prime factors of h(f).
3, 5
Let j be -3*(21/9 + -3). Suppose -j*w + 9 - 5 = 0. Suppose -x = -2*q - 59, x - q - w*q - 64 = 0. What are the prime factors of x?
7
Suppose 7*l - 10584 = 2*l - 3*o, -3*o = -2*l + 4242. List the prime factors of l.
2, 3, 353
Let f be 56 - (-1 + 1)/(-1). Let a = -1217 - -1304. Let y = a - f. List the prime factors of y.
31
Let o = -14 - -16. Suppose -4*s - 2*v = 44, -s = -o*s - 2*v - 14. Let t = s - -21. List the prime factors of t.
11
Let l(s) be the first derivative of -s**2/2 + 5*s + 1. Let x be l(2). Suppose -24 = -u - 4*w + 20, -2*u = -x*w - 110. List the prime factors of u.
2, 13
Let f(c) be the third derivative of -c**4/12 - c**3/6 + 26*c**2 - c. Let j(m) = -m**3 + m**2 + m - 9. Let l be j(0). List the prime factors of f(l).
17
Let y = -1362 + 2750. What are the prime factors of y?
2, 347
Let k be 8 + (3 - (-7)/(-1)). Suppose -t = -0*t - k. Suppose y - 2*y = -t*w - 4, 0 = 4*w - 4. What are the prime factors of y?
2
Let t = -53 + 57. List the prime factors of t/16 - (-358)/8.
3, 5
Suppose 405 = -2*m + 5*g + 1928, -g = 4*m - 3035. List the prime factors of m.
3, 11, 23
Suppose k - 512 - 600 = 3*t, -2*k - 4*t + 2214 = 0. What are the prime factors of k?
1109
Let t be 8/28 + 1506/21. Let w be 18/(-15)*(-5)/2. Suppose 0 = -k - w*k + t. What are the prime factors of k?
2, 3
Suppose n - 4*u = 219, -5*u - 216 = -n - 0*u. What are the prime factors of n?
3, 7, 11
Let z = 46 - 41. Suppose 0*o - 276 = -z*r + 3*o, 3*o = -6. What are the prime factors of r?
2, 3
Let j = 34 - 4. List the prime factors of (-1115)/(-20) - (j/8 - 3).
5, 11
Let c(v) = 10*v - 92. What are the prime factors of c(38)?
2, 3
Suppose -46 = -2*z - 0*z. Let x = -121 + 130. Let q = x + z. List the prime factors of q.
2
Suppose 50*z - 81192 = -z. What are the prime factors of z?
2, 199
Suppose -7*d - 2*j = -4049, -4*d + 2306 = 4*j + j. What are the prime factors of d?
3, 193
Suppose 0 = h + 2*h - 12, 2*v = 4*h + 2438. What are the prime factors of v?
3, 409
Let a(y) = 14*y**3 + 4*y**2 + 4*y - 15. What are the prime factors of a(4)?
31
Suppose -h - 9*h = -840. Suppose 0*y - h = -4*y. What are the prime factors of y?
3, 7
Let y(n) = -n**2 - 13*n - 7. Let a be y(-10). Let h = a - -17. Suppose 2*m = -2*m + h. What are the prime factors of m?
2, 5
Let f(q) be the first derivative of -q**4/4 + 2*q**3 - 2*q - 5. Let m be f(6). List the prime factors of (0 + -4)/(m/6).
2, 3
Let u(y) = 2*y**2 - 3*y + 14. Suppose -3 = 2*n - 5*n, -10 = 2*x + 2*n. What are the prime factors of u(x)?
2, 13
Let a = 16 - -1748. What are the prime factors of a?
2, 3, 7
Let a(x) = -5*x + 7. Let n be a(3). Let p = n + 13. Suppose 0 = p*k - 5 - 70. What are the prime factors of k?
3, 5
Let s(h) = -h**3 - 8*h**2 - 5*h - 7. Let m = -8 + 0. List the prime factors of s(m).
3, 11
Let u be (-97)/(-5) + (-8)/20. Let l = u + -42. What are the prime factors of (l/4)/((-1)/4)?
23
Let o be (-16)/(-3 + -1) - -142. Let r = 265 - o. What are the prime factors of r?
7, 17
Let m be -8*(231/(-12) - 0). Suppose m + 82 = 4*o. List the prime factors of o.
59
Suppose -4*d + 4*u + 196 = 0, 0 = -0*d + 5*d - 4*u - 248. Let b be (-18)/(-15)*30/12. Suppose k = -b*k + d. List the prime factors of k.
13
Suppose g - 10 = -0*g. Let v be (g - 5) + 0 + 3. Suppose -2*x + v = -32. List the prime factors of x.
2, 5
Let x(g) = 2*g - 18. Let n be x(10). What are the prime factors of (0 - ((n - 1) + -1)) + 103?
103
Let k(z) = 2*z**2 - 2*z + 1. Let l be k(2). Let w be 544/(-85) - (-2)/l. List the prime factors of ((-24)/w)/(2/10).
2, 5
Let m(d) = 5*d**2 - 2*d - 1. Let a be m(-1). Suppose -a*c = -5*c - 24. Let s = 1 + c. List the prime factors of s.
5
Suppose -6 = -2*i - i + 3*d, 5 = d. Let u(b) = 5 + b**2 - i + 3. List the prime factors of u(1).
2
Let o = 560 - 1420. List the prime factors of o/(-6) + 7/(-3) + 2.
11, 13
Let a(n) = 100*n**2 - 2*n + 1. Let t be a(1). Let f = t - 87. What are the prime factors of f?
2, 3
Let l be 4/(8*4/(-64)*-4). Suppose 152 = 5*u + l. List the prime factors of u.
2, 3, 5
Suppose a + 5*a - 2334 = 0. Let s = a - 247. What are the prime factors of s?
2, 71
Let l(v) = 23*v**2 - 2. Suppose 0 = 3*i - i + 4. List the prime factors of l(i).
2, 3, 5
Suppose -3*p = 3*c - 12, -5*p = -2*c - 28 + 71. Suppose 2*r - c = 1. Suppose 45 = -r*m + 8*m. What are the prime factors of m?
3, 5
Suppose 67661 + 177589 = 50*v. What are the prime factors of v?
3, 5, 109
Let g(y) = -y + 23. Let i be g(18). Suppose i*s - 292 = -87. List the prime factors of s.
41
List the prime factors of 1*(1*(-2 + 1083))/1.
23, 47
Suppose 1 = -s + 5. Let j(i) = -11*i - 10. Let f(c) = -c - 1. Let h(w) = 4*f(w) - j(w). What are the prime factors of h(s)?
2, 17
Suppose 0 = 3*y - 2*s - 1207 - 1295, -2*s - 4166 = -5*y. List the prime factors of y.
2, 13
Suppose -13 = -2*r - 3*w, 2 = 4*r - w - w. Suppose r*k - 176 = -3*n - 38, n + 290 = 4*k. List the prime factors of k.
2, 3
Let w(u) = u**2 + 13*u - 20. Suppose 4*n + 2*k + 68 = 0, k = -n + 3*n + 38. List the prime factors of w(n).
2, 5, 7
Let d(u) = 2*u. Let a(h) = h**2 + 2*h. Let m(g) = 6*a(g) - 5*d(g). List the prime factors of m(1).
2
Let h = 356 + -306. List the prime factors of h.
2, 5
Let h(l) be the first derivative of 3*l**4/4 + l**3/3 + 2*l**2 - 3*l + 5. List the prime factors of h(2).
3, 11
List the prime factors of 0 + (422 - 3) + -3.
2, 13
Suppose c - k - 205 = 0, k = -5*c + 5*k + 1027. What are the prime factors of c?
3, 23
Let c = -4705 - -7348. What are the prime factors of c?
3, 881
Suppose y = -3*s + 12, 0 = -y - 2*y + 9. Let f = s + 31. What are the prime factors of f?
2, 17
Let m be 14/4*(-5 + 7). Suppose m*d = 3*d - 48. What are the prime factors of -4*(-2 + 45/d)?
23
Suppose 5*n + 54 = -3*x, 2*n = -0*n + 5*x - 3. What are the prime factors of 141/(1/(-6)*n)?
2, 47
Let f be (-1)/(15/9 - (2 - 0)). Suppose -135 = -5*k + f*z + 429, 0 = 2*k + 4*z - 236. List the prime factors of k.
2, 3, 19
What are the prime factors of -3*(-1)/(-6)*(-52 + -5152)?
2, 1301
Let r be 4/14 - 72/(-42). Suppose -r*g = -0*g. Suppose g = -5*o + 175 + 55. What are the prime factors of o?
2, 23
Let d(v) = 183*v**2 - 3*v + 6. What are the prime factors of d(2)?
2, 3, 61
Suppose y = -4*y + a - 352, 2*y - 2*a = -144. List the prime factors of (-4256)/y - (-8)/(-10).
2, 3, 5
Let g(c) = -397*c + 223. List the prime factors of g(-5).
2, 3, 23
Let q = -3 + 21. Let z = q - -7. List the prime factors of z.
5
Suppose -6116 = -35*t + 55869. List the prime factors of t.
7, 11, 23
Let z = -9 - -30. List the prime factors of -2*3/2 + z.
2, 3
Suppose 0*z - 4*z + 734 = u, 0 = -2*u - 4. Suppose 0 = y - 3*j - z, -180 = y - 2*y - j. List the prime factors of y.
181
Let u(a) = -2*a + 2. Let n be u(-3). Suppose i - 9 - 107 = -3*l, 0 = 2*i + n. List the prime factors of l.
2, 5
Suppose -3 = -2*u + 3. Suppose u*f - 5 = 1. What are the prime factors of 59 - f*6/4?
2, 7
Suppose -42*b + 34*b + 2592 = 0. Suppose -3*h - 3*t = 2*t - 236, -4*h - 2*t + b = 0. What are the prime factors of h?
2, 41
Let l(r) = -32*r + 13*r + 15*r - 8 - 43. What are the prime factors of l(-17)?
17
Let n = -52 - -56. Suppose -425 = -n*b - 29. List the prime factors of b.
3, 11
Suppose -3*w - 3*w = 0. Let k(u) = 0*u - u - 4 + w*u + 17. List the prime factors of k(10).
3
Let g(o) = o**2 + 1. Let h(d) = -2*d**2 - 3. Let m(j) = -7*g(j) - 4*h(j). Let k be (7 - -2)*(-8)/(-18). What are the prime factors of m(k)?
3, 7
Suppose 0 = -5*f - 4*j + 533, 5*f = 2*j - 5*j + 536. List the prime factors of f.
109
Let c(n) = -n**3 - 67*n + 2*n**2 + 64*n + 2*n**2. Suppose -4*q - 2 = -5*l, 0*l + 6 = -q + 4*l. What are the prime factors of c(q)?
2
Let z = 41 - 16. Suppose 3*i - i = 4*r + 20, -5*r = 3*i + z. Suppose i = 2*x - 101 + 39. List the prime factors of x.
31
Let q = 460 + 382. What are the prime factors of q?
2, 421
Let o be 1/((7/24)/(-7)). Let c = o - -42. Suppose 3*z - 3*v + 18 = 4*z, 3*z - 3*v = c. What are the prime factors of z?
3
Let i = -599 + 751. List the prime factors of i.
2, 19
Let b = 27 - 24. Suppose -b*n - 199 = -0*r - 4*r, -4*r + 5*n = -209. What are the prime factors of r?
2, 23
Let v = -89 + -143. Let s = -34 - v. List the prime factors of s.
2, 3, 11
Let r = 113 - -49. Suppose k + 0*k + 114 = 0. Let f = r + k. List the prime factors of 